 highest common divisor of 39 and 65?
13
Calculate the highest common divisor of 4 and 12.
4
Calculate the greatest common factor of 112 and 64.
16
What is the highest common divisor of 56 and 721?
7
What is the highest common divisor of 20 and 80?
20
What is the greatest common divisor of 486 and 2?
2
Calculate the highest common divisor of 348 and 1200.
12
Calculate the highest common divisor of 8205 and 15.
15
Calculate the greatest common divisor of 15580 and 20.
20
Calculate the greatest common divisor of 34 and 1309.
17
What is the greatest common factor of 13 and 3497?
13
What is the highest common factor of 384 and 72?
24
What is the highest common divisor of 34 and 119?
17
What is the greatest common divisor of 4828 and 71?
71
What is the greatest common divisor of 784 and 224?
112
Calculate the greatest common divisor of 3879 and 18.
9
What is the greatest common divisor of 66 and 374?
22
What is the greatest common divisor of 10541 and 83?
83
Calculate the greatest common factor of 396 and 44.
44
Calculate the highest common divisor of 14 and 14.
14
Calculate the greatest common divisor of 31010 and 70.
70
What is the highest common factor of 13 and 156?
13
What is the greatest common divisor of 7863 and 3?
3
Calculate the highest common divisor of 336 and 63.
21
What is the highest common divisor of 172 and 430?
86
Calculate the greatest common factor of 1570 and 26.
2
What is the greatest common factor of 10 and 70?
10
What is the highest common factor of 3605 and 105?
35
What is the highest common divisor of 2540 and 60?
20
What is the greatest common factor of 368 and 69?
23
What is the greatest common divisor of 56 and 1792?
56
Calculate the highest common factor of 2 and 2970.
2
Calculate the greatest common divisor of 45 and 855.
45
What is the greatest common factor of 611 and 481?
13
What is the greatest common divisor of 5704 and 23?
23
Calculate the greatest common divisor of 2652 and 6.
6
What is the highest common divisor of 150 and 350?
50
What is the highest common divisor of 4573 and 85?
17
Calculate the greatest common factor of 161 and 184.
23
What is the greatest common divisor of 365 and 2?
1
What is the highest common factor of 182 and 117?
13
What is the highest common factor of 54 and 4068?
18
What is the greatest common factor of 44 and 8899?
11
Calculate the highest common divisor of 3357 and 9.
9
Calculate the greatest common factor of 111 and 3.
3
What is the highest common factor of 14501 and 17?
17
Calculate the highest common factor of 484 and 88.
44
Calculate the highest common factor of 36 and 49806.
18
Calculate the greatest common factor of 4002 and 1305.
87
Calculate the highest common factor of 12 and 10080.
12
Calculate the highest common divisor of 22 and 1452.
22
What is the greatest common divisor of 3240 and 15?
15
Calculate the greatest common divisor of 8 and 648.
8
What is the greatest common divisor of 35 and 340?
5
Calculate the greatest common divisor of 278 and 40.
2
Calculate the highest common factor of 36 and 252.
36
Calculate the greatest common factor of 36 and 228.
12
Calculate the highest common divisor of 153 and 663.
51
Calculate the highest common factor of 185 and 37.
37
Calculate the greatest common factor of 11573 and 163.
163
What is the highest common factor of 1562 and 2?
2
What is the greatest common factor of 565 and 904?
113
Calculate the greatest common divisor of 8106 and 42.
42
What is the highest common divisor of 225 and 540?
45
What is the highest common factor of 5603 and 13?
13
Calculate the highest common divisor of 2629 and 55.
11
Calculate the greatest common factor of 32 and 224.
32
What is the highest common divisor of 1679 and 23?
23
What is the highest common factor of 1100 and 75?
25
What is the greatest common factor of 110 and 90?
10
Calculate the greatest common factor of 17727 and 19.
19
What is the greatest common factor of 406 and 58?
58
Calculate the greatest common divisor of 4033 and 259.
37
What is the highest common divisor of 8 and 6296?
8
Calculate the highest common factor of 30948 and 36.
12
Calculate the greatest common divisor of 3869 and 1590.
53
Calculate the highest common divisor of 244 and 671.
61
What is the highest common factor of 48 and 1200?
48
Calculate the greatest common divisor of 40 and 1750.
10
What is the highest common divisor of 442 and 1170?
26
What is the highest common divisor of 216 and 552?
24
What is the greatest common factor of 18 and 333?
9
Calculate the greatest common factor of 110 and 506.
22
What is the greatest common divisor of 80 and 296?
8
Calculate the highest common factor of 1365 and 30.
15
Calculate the greatest common divisor of 1880 and 520.
40
Calculate the highest common divisor of 8 and 872.
8
What is the greatest common factor of 4 and 17?
1
What is the highest common factor of 24 and 2388?
12
Calculate the highest common divisor of 801 and 3.
3
Calculate the greatest common factor of 144 and 1548.
36
Calculate the greatest common divisor of 11175 and 75.
75
What is the greatest common factor of 2771 and 3097?
163
Calculate the greatest common factor of 43 and 1247.
43
Calculate the highest common divisor of 1034 and 940.
94
Calculate the greatest common factor of 52 and 5174.
26
Calculate the highest common factor of 8448 and 660.
132
Calculate the greatest common divisor of 396 and 44.
44
Calculate the greatest common factor of 227 and 31.
1
What is the greatest common divisor of 77 and 33?
11
What is the greatest common factor of 64 and 40?
8
Calculate the highest common divisor of 715 and 130.
65
What is the greatest common divisor of 650 and 5?
5
Calculate the greatest common factor of 56 and 896.
56
Calculate the highest common factor of 18 and 6168.
6
Calculate the greatest common divisor of 1323 and 27.
27
What is the highest common divisor of 5146 and 62?
62
Calculate the greatest common divisor of 3481 and 413.
59
Calculate the highest common divisor of 460 and 17710.
230
Calculate the highest common divisor of 1800 and 648.
72
What is the highest common divisor of 12 and 2780?
4
Calculate the greatest common divisor of 189 and 203.
7
Calculate the highest common factor of 232 and 2494.
58
Calculate the greatest common divisor of 350 and 1106.
14
What is the greatest common factor of 13 and 13?
13
What is the greatest common factor of 5593 and 119?
119
What is the highest common divisor of 100 and 160?
20
What is the greatest common divisor of 873 and 1649?
97
Calculate the highest common divisor of 56 and 49.
7
What is the highest common divisor of 3225 and 1275?
75
What is the greatest common factor of 910 and 238?
14
What is the greatest common factor of 110 and 20405?
55
What is the greatest common factor of 4 and 108?
4
What is the greatest common divisor of 2 and 6?
2
Calculate the greatest common divisor of 24 and 1956.
12
Calculate the highest common factor of 567 and 324.
81
What is the greatest common factor of 253 and 33?
11
What is the highest common divisor of 256 and 24704?
128
What is the greatest common divisor of 121 and 55?
11
What is the highest common divisor of 247 and 78?
13
What is the greatest common factor of 10 and 10?
10
What is the greatest common divisor of 2317 and 7?
7
What is the greatest common factor of 15 and 2235?
15
What is the greatest common factor of 35 and 40?
5
What is the highest common divisor of 925 and 37?
37
Calculate the greatest common factor of 1290 and 90.
30
What is the greatest common divisor of 169 and 26?
13
What is the greatest common divisor of 252 and 9468?
36
Calculate the greatest common factor of 38 and 931.
19
Calculate the highest common divisor of 512 and 184.
8
What is the greatest common divisor of 81 and 2997?
81
Calculate the highest common factor of 8 and 384.
8
What is the greatest common divisor of 8 and 26?
2
What is the greatest common divisor of 702 and 54?
54
Calculate the highest common divisor of 12 and 8.
4
What is the greatest common divisor of 12225 and 3912?
489
Calculate the highest common divisor of 126 and 45.
9
Calculate the greatest common divisor of 154 and 756.
14
What is the greatest common factor of 1066 and 26?
26
Calculate the highest common divisor of 12924 and 24.
12
Calculate the h